Let a be q(t). Suppose m + 3 - a = 0. Calculate v(m).
8
Let o(z) = z**2 + 3*z - 16. Let p = -3815 + 3810. What is o(p)?
-6
Let f(h) = -2*h - 2*h**3 + 3*h + 3 - 5 - 4*h**2 + h**3. Suppose 0 = 3*c + 5*u + 83, 2*u = 5*c + 3*u + 153. Let r = 27 + c. Determine f(r).
-6
Let d(h) = -304*h - 307 + 92*h**2 + 258*h - 91*h**2. What is d(-6)?
5
Let a(n) = -n**2 - 4*n - 30. Suppose 0 = -94*o + 98*o + 3*w, -5*w = -4*o. Determine a(o).
-30
Suppose -6*h + 655 = -875. Let k = h - 255. Let c(j) be the second derivative of -j**4/12 + j**3/6 + 13*j**2/2 - j. What is c(k)?
13
Let p = -37 + 40. Suppose -2*q - p*w - 11 = 1, q = -w - 6. Let c be 3/q*(7 + -7). Let r(l) = -l**2 - l - 1. Determine r(c).
-1
Let d = 31 + -91. Let l = d - -103. Let y = l + -45. Let b(f) = 4*f + 3. Determine b(y).
-5
Suppose s = 2 - 3. Let t be ((-3)/2)/((-2)/4). Let w(x) = -x**2 + 1 + x + 0 + 265*x**t + x**2 - 248*x**3. What is w(s)?
-17
Let d(f) = -f**2 - 8*f + 8. Let k be d(-7). Let r be 20/12*27/k. Let a(l) = -3 + 4 + l - 4 + 4. Calculate a(r).
4
Let q(l) = 3*l + 7. Let z = -304 - -306. Suppose -5*a = -z*r - 22, 8*r = 6*r - 2*a - 8. Give q(r).
-11
Let b(i) = -i**2 + i - 1. Let d be b(-2). Let s(r) = r**2 - 58*r - 326 + 323 + 62*r. What is s(d)?
18
Let z(x) = 11*x + 13*x + 4 - 5. Let s(m) be the second derivative of -m**3/3 - 9*m**2/2 + 68*m. Let w be s(-4). Calculate z(w).
-25
Let t(z) = 15*z**2 - 374*z + 666. Let x be t(23). Let i(l) be the third derivative of l**6/20 - l**5/60 - l**4/24 - l**3/6 - l**2. Give i(x).
-7
Let k(j) = 23*j - 115. Let z(i) = 3. Let s(o) = 1. Let b(d) = 5*s(d) - 2*z(d). Let r(f) = -115*b(f) + k(f). Let c = -12 + 13. Give r(c).
23
Suppose -4*l + 21*l = -34. Let h(t) be the second derivative of -t**2 + 0 - 1/6*t**3 + 0*t**4 + 10*t + 1/20*t**5. Determine h(l).
-8
Let p(d) = 52*d + 8 - 107*d - 56 + 52*d + d**2. Let f be p(-6). Let h(z) = -15*z + 16. Let l(q) = -7*q + 8. Let u(i) = 4*h(i) - 9*l(i). What is u(f)?
10
Let p(s) = -93 + 2*s**2 - 2*s + 2*s + 90 - 8*s**2 - 3*s. Calculate p(3).
-66
Let s(v) = -24*v**2. Suppose -29*f + 27*f + 2*w + 12 = 0, -w = -4*f + 9. Calculate s(f).
-24
Let g(n) be the first derivative of n**4/4 + n**3 + n**2 - 2*n + 4. Let q be (-1)/(11/(-33)) - 6. Give g(q).
-8
Suppose 2*n - 3*x + 37 = 23, -34 = 3*n + 2*x. Let i(y) = -y**3 - 11*y**2 - 12*y - 14. Determine i(n).
6
Let h = 136 - 133. Let l(w) = 93 - 44 + 0*w**2 + 2*w**2 - 47 - h*w. Determine l(2).
4
Let o be (3 + -4)*(-2)/(-1). Let q(g) = -9 + 976*g**2 + 2*g + 9 - g**3 - 976*g**2. Determine q(o).
4
Suppose -3*u + 25 = r, 157*u + 13 = -3*r + 159*u. Let w(s) = -10*s**2 - 14*s + 13. Give w(r).
-11
Let f = -9503 - -9489. Let a(b) = b**2 + 22*b - 20. Calculate a(f).
-132
Let n be 45/15*(-597)/(-9). Let o = 181 - n. Let y(g) = g + 23. Determine y(o).
5
Let k(t) = 2*t**3 - t**2 - 38*t. Suppose 3*n - 8*n = 6*n + 44. What is k(n)?
8
Let y(i) = 3*i**2 + 34*i - 16. Let d be ((-18)/(-45))/(2/(-60)). Let g be y(d). Let c(v) = -v**3 + 7*v**2 + 2*v + 11. Calculate c(g).
-37
Let f(v) = 0*v - 13*v + 3*v + 9 + 11*v. Let o = -474 - -468. Determine f(o).
3
Let n(x) = -2*x**2 + 29*x + 12*x**2 - 2*x**2 - 33*x. Let s(r) = 21*r**2 - 8*r. Let u(m) = 5*n(m) - 2*s(m). Calculate u(-4).
-16
Let r(i) be the first derivative of i**4/2 - 4*i**3 + 5*i**2 - 4*i - 540. Calculate r(4).
-28
Let b(i) be the first derivative of 7*i**4/4 - i**3/3 - i**2 - 3*i - 748. Calculate b(-2).
-59
Let i(y) = -y**3 - 2*y**2 - 2*y. Let a = 15 + -26. Let x = 16 + a. Suppose -5*u - 20 = 0, -x*n - u - 14 = -0*u. Give i(n).
4
Let b(d) = -5*d + 114. Suppose 5*r - 88 - 45 = i, 5*i = 5*r - 165. Determine b(r).
-11
Let d(o) = -o**3 - 5*o**2 - 18*o - 2. Let g(l) = -3*l**3 - 9*l**2 - 37*l + 5. Let b(t) = 5*d(t) - 2*g(t). What is b(9)?
-2
Suppose -15*w - 5*w = -3*w. Let b(s) = 4*s + w + 2*s - 12 - 4*s. Suppose 3*i + 4*n = 44, -3*i - n + 2*n = -19. Calculate b(i).
4
Let q(h) = 5*h**2 - 2. Let f(d) = -62*d + 279. Let c(p) = 33*p - 139. Let i(w) = -11*c(w) - 6*f(w). Let u be i(16). Give q(u).
3
Let m(y) = 364*y + 12*y**2 + 404*y + 16*y**2 + y**3 - 743*y - 69. Determine m(-27).
-15
Let q(v) = v - 12. Let p(w) = 2*w - 25. Let k(f) = 6*p(f) - 13*q(f). Suppose -230*a - 200 = -250*a. Determine k(a).
-4
Let g(s) = -5*s**3 - s**2. Suppose 0 = -232*q + 235*q - 6. Suppose 109*t - q = 107*t. Give g(t).
-6
Suppose -q + 7 = 2*v, -4*q = 2*v - 6*v + 20. Let b(y) = -2*y**2 + 3*y + 2. Give b(v).
-18
Let l(j) = j**2 + 12*j - 37. Let o be -14 + -2 + (-1 + 18 - 14). What is l(o)?
-24
Let h(s) be the first derivative of -s**4/24 + s**3 + 15*s**2 + 2. Let b(n) be the second derivative of h(n). What is b(8)?
-2
Let q(v) = -v**2 + 2*v + 4. Let c be q(2). Suppose c*r + 3*r = -133. Let d = r - -17. Let k(i) = -i. Determine k(d).
2
Let r(z) = 2*z**2 + z - 79. Let u be r(8). Suppose u*d = 58*d + 2. Let n(f) = 3*f**2 + 2*f - 1. Calculate n(d).
7
Suppose 4*f = -1 + 5. Let y(l) be the third derivative of -l**5/60 + l**4/24 + 97*l**2 + 1. Let q(n) = 7*n**2 - 6*n - 3. Let d(v) = f*q(v) + 6*y(v). Give d(4).
13
Let m(t) be the second derivative of 0*t**4 - 18*t + 0 + 1/60*t**5 - 25/2*t**2 - 1/3*t**3. Let u(z) be the first derivative of m(z). What is u(-2)?
2
Let r(a) be the second derivative of 0 + 0*a**2 - 19*a - 1/6*a**3. Suppose 4*l = 4*h + 12, 5*h + 6*l + 6 = 2*l. Calculate r(h).
2
Let z = -127 + 129. Let n(r) = -3*r**2 - 6*r - 4*r**z + 7 - 4*r + 15*r + r**3. Give n(6).
1
Let i = -88 - -89. Suppose -7*n + 3*w = -5*n, -i = -n + w. Let m(c) = -12 + 115*c**n - 57*c**3 - 57*c**3. Give m(0).
-12
Let t = 47 - 20. Suppose 19 = 23*b - t. Let c(m) = 3*m**2 - m - 2. Give c(b).
8
Let z = 29 - 23. Let r(y) = y**2 - y + 1. Let a(t) = -5*t**2 - 2*t + 2. Let d(i) = a(i) + 6*r(i). Determine d(z).
-4
Let a = 174 + -172. Let w(z) = 6 - 8*z + z**3 + 3597*z**a + 4 - 3605*z**2. Determine w(9).
19
Let o be ((-11700)/9360)/(1/(-4)). Let f(r) be the third derivative of -r**4/24 + r**3 - r**2. Calculate f(o).
1
Let f(u) be the second derivative of u**5/20 - 11*u**4/12 + 13*u**3/6 - 17*u**2/2 + 3*u - 178. Calculate f(10).
13
Let q(z) = 1. Let g(d) be the third derivative of d**7/5040 + 2*d**5/5 - 10*d**2. Let r(w) be the third derivative of g(w). Let n(a) = q(a) + r(a). Give n(-9).
-8
Let l = 582 + -472. Let f be (-14)/21 - (l/15 - -2). Let m(k) = 3*k**2 - 14*k + 12. Let y(d) = 5*d**2 - 27*d + 23. Let v(r) = 7*m(r) - 4*y(r). Give v(f).
-8
Let v be (-1 - 26/(-18)) + (-15236)/10548. Let y(z) = -1 - 4*z**2 + 4*z**2 - 33*z**3 - z - z**2. Determine y(v).
32
Suppose 0*i - 2 = -i - y, 2*i = -5*y - 8. Let s(n) = 105*n - 56*n - 48*n - i. Calculate s(-5).
-11
Let x(a) = 26*a + 78 - 5*a + 86 + 17*a. Determine x(-4).
12
Let l be 4/14 - (-9)/(-7). Let z = -629 - -630. Let w(i) = 5*i - 1. Let n(j) = 26*j - 6. Let m(q) = z*n(q) - 6*w(q). What is m(l)?
4
Let f = 5045 + -5046. Let t(m) = m**3 - 5*m**2 - 6*m - 1. What is t(f)?
-1
Let m(w) be the first derivative of -w**4/4 - w**3/3 + 2*w**2 - w + 5. Suppose -174*q = -27*q + 50*q + 591. Give m(q).
5
Let r(p) = -2*p + 3. Let q(g) = 110*g**3 - 7*g**2 - 109*g**3 + 2*g**2 - 14 - 8*g**2 - 29*g. Let k be q(15). Let c be (k + 1)/(27/12 - 2). What is r(c)?
-13
Suppose 2*b - 6*b - 16 = 0. Let x(c) be the first derivative of -c**4/4 - 2*c**3/3 + 5*c**2 + 10*c + 1320. Determine x(b).
2
Let k(w) be the first derivative of -w**4/4 + 19*w**3/3 - 2*w**2 + 39*w - 2202. Give k(19).
-37
Let k(r) = 1166*r**3 - 208 + 9*r**2 - 2*r**2 - 1167*r**3 + 183. Give k(7).
-25
Let m be (-44)/48 + (-3)/180*5. Let o(q) = -69*q - 58. What is o(m)?
11
Let s(u) = -600*u + 6590. Let t be s(11). Let g(k) = -k**2 - 22*k - 130. Determine g(t).
-10
Suppose -j - 10*j - 54 = 23. Suppose -5*v + 12 = -18. Let f(o) = -o**3 + 0 - v - 8*o**2 - 5*o - o. What is f(j)?
-13
Let y(p) = p + 5. Let a(b) = -5*b + 6 + 2*b + 0*b + 6*b + 5. Let f(n) = n**2 - n + 1. Let c be f(-2). Let h(w) = c*y(w) - 3*a(w). Determine h(2).
-2
Let t(z) = -z**2 - z. Let i be (-12)/(-20)*20/(-1 - -5). Suppose i*h + 2 = -5*d - 17, 2*d = -4. Let p be 0 - h/(-2) - (-25)/10. Calculate t(p).
-2
Let j(d) = 2*d**2 - 2*d - 3. Suppose 3*i - 28 = -5*c, -c = 2*i - 33 + 5. Let h be (22 - -3)*(-6)/(-15). Let y be (i/40)/((-2)/h). Determine j(y).
9
Let i be (-1)/(1/8) - -1. Let c = i + 7. Let q(k) = -223 + 232 - 5*k + 6*k. What is q(c)?
9
Let z(x) = x**3 + 12*x